0212110122?
2200212110201
In base 7, what is 43 - 2304405?
-2304332
In base 4, what is 1331120021302 + 1?
1331120021303
In base 5, what is -133 + -24214002?
-24214140
In base 10, what is -3836681 + -323?
-3837004
In base 8, what is -25364416 + 17?
-25364377
In base 5, what is 400 + -1322242?
-1321342
In base 11, what is -5261331 + 133?
-52611a9
In base 8, what is 736052 + -2473?
733357
In base 7, what is 41 + -2012543?
-2012502
In base 11, what is -3620 + 10574?
7a54
In base 14, what is -58 + -198bb?
-19935
In base 14, what is -6a - -49a7a2?
49a736
In base 8, what is -452104 - 346?
-452452
In base 2, what is -100 + -10101001010011101111011101?
-10101001010011101111100001
In base 13, what is -24136 - 146?
-2427c
In base 3, what is -12 - 2102202222101020?
-2102202222101102
In base 12, what is -536743 - 7?
-53674a
In base 7, what is -51550104 - 0?
-51550104
In base 4, what is 21 + -333311223032?
-333311223011
In base 9, what is 5 - -43378324?
43378330
In base 3, what is 121120200 - -10210002011?
11101122211
In base 7, what is 106414 - -444?
110161
In base 13, what is -5b771 + -61a?
-5c08b
In base 15, what is -342e898 - 3?
-342e89b
In base 2, what is -1011101111101010011100 - 101?
-1011101111101010100001
In base 12, what is -24 + 37988a?
379866
In base 4, what is 3320023233 - 11?
3320023222
In base 9, what is -63457 - -54?
-63403
In base 7, what is -143 - 2033254?
-2033430
In base 16, what is -26 - d92c9?
-d92ef
In base 4, what is 10 + 3332302323133?
3332302323203
In base 16, what is -27bb9 - 111a?
-28cd3
In base 2, what is -1101110111 - -1100101001010100?
1100011011011101
In base 5, what is -444000411213 + 10?
-444000411203
In base 6, what is -250411501 - -145?
-250411312
In base 15, what is -b166 + -2d8?
-b44e
In base 10, what is -2164360 + 11?
-2164349
In base 6, what is -332252421 + -115?
-332252540
In base 4, what is 23212302302 - 2?
23212302300
In base 7, what is -16433556 + -645?
-16434534
In base 15, what is 2 + -85665c0?
-85665bd
In base 3, what is -12 - 200102011210?
-200102011222
In base 8, what is -43 - -53567231?
53567166
In base 8, what is 1 - -14634267?
14634270
In base 8, what is 5 - 1060032?
-1060025
In base 15, what is 5e1 - 3c9?
217
In base 15, what is d4 + -ac?
27
In base 4, what is -2333121212303 - 10?
-2333121212313
In base 10, what is 399 - 20234?
-19835
In base 10, what is -44114714 + -5?
-44114719
In base 5, what is -31412 - 3342120?
-3424032
In base 15, what is -34a50a2 + -3?
-34a50a5
In base 4, what is 23312021 - -10020?
23322101
In base 10, what is -9899 + 68?
-9831
In base 13, what is 4 + -990c3b?
-990c37
In base 15, what is -4d80 + 13302?
d472
In base 12, what is -1 - -4b11992?
4b11991
In base 5, what is -23300010410 + 40?
-23300010320
In base 4, what is 1 + -10331113202?
-10331113201
In base 15, what is -5a7ce1 - -9?
-5a7cd7
In base 6, what is 2115225451 - 50?
2115225401
In base 13, what is 352 - -1b3b9?
1b73b
In base 7, what is -6 - -20453023?
20453014
In base 13, what is -a6149a29 - -1?
-a6149a28
In base 3, what is -100001020121 - -100?
-100001020021
In base 3, what is -101220012111202 + 12?
-101220012111120
In base 12, what is 27b89b58 - b?
27b89b49
In base 15, what is -2d - -3099db?
3099ad
In base 13, what is -186c6c - 1?
-186c70
In base 5, what is 1201312410 + -3120?
1201304240
In base 6, what is -3 + 1002413310?
1002413303
In base 10, what is 25700330 + -6?
25700324
In base 8, what is 5133713 - -4?
5133717
In base 10, what is 7 + -17988538?
-17988531
In base 5, what is -4014 + 213123?
204104
In base 11, what is 4 + 4020613?
4020617
In base 10, what is -259277 - -12?
-259265
In base 11, what is -5114a5 - -a?
-511496
In base 8, what is -5 - -56011737?
56011732
In base 6, what is 135024 + 1241?
140305
In base 11, what is 81a64 - -630?
82594
In base 5, what is -140232041013 - -4?
-140232041004
In base 15, what is -530245 - 6?
-53024b
In base 2, what is 11 - 101100100101011111101101?
-101100100101011111101010
In base 11, what is -3 - -8487a896?
8487a893
In base 5, what is -12411433300 + 2?
-12411433243
In base 8, what is 677 - -11431?
12330
In base 7, what is -1226244501 - 1?
-1226244502
In base 10, what is 5 + -5572506?
-5572501
In base 12, what is 2605841a - 5?
26058415
In base 14, what is 3a12 - -252c?
6140
In base 13, what is -4 + -2ac4bc2?
-2ac4bc6
In base 10, what is 7 - 10871817?
-10871810
In base 15, what is -221 + 18973?
18752
In base 14, what is -9b30 - -191a?
-8214
In base 5, what is 10 + 4324344124?
4324344134
In base 10, what is 2358819 - -42?
2358861
In base 16, what is -4 - -84f277c?
84f2778
In base 9, what is 112 + 551256?
551368
In base 2, what is 1000100001010011 - 1000001011111?
111011111110100
In base 12, what is -17685 + 244?
-17441
In base 6, what is -2034111550 + 3?
-2034111543
In base 9, what is -152245 - -353?
-151782
In base 4, what is -2 + -10232131320001?
-10232131320003
In base 4, what is 22131 + 103222232?
103311023
In base 8, what is 2 + 42237462?
42237464
In base 6, what is -3 - -23123535111?
23123535104
In base 9, what is -78 - -3265532?
3265443
In base 2, what is -1000100110001 + 1001011001101000001?
1001010001000010000
In base 8, what is -6645 - 1560?
-10425
In base 5, what is -3 + 2403213234?
2403213231
In base 8, what is 4 + 642566327?
642566333
In base 14, what is -14 - 8aa70?
-8aa84
In base 14, what is 7 + 115c904?
115c90b
In base 10, what is 29562 - 936?
28626
In base 9, what is 15353676 - -42?
15353728
In base 9, what is -3 - 16511233?
-16511236
In base 10, what is -6506 - 16513?
-23019
In base 6, what is -5 - -331051154?
331051145
In base 5, what is 3 + 14444142024?
14444142032
In base 3, what is 20 - 202021200010220?
-202021200010200
In base 16, what is -11a9ab - -80?
-11a92b
In base 3, what is -10220121001 - -1002100?
-10212111201
In base 5, what is 4 + 32402133423?
32402133432
In base 10, what is -28800 + -11709?
-40509
In base 4, what is -1210021110 - 11?
-1210021121
In base 14, what is -3531 - 333?
-3864
In base 2, what is 1100011000011101000 - 10?
1100011000011100110
In base 2, what is 110 + 1101011111101011?
1101011111110001
In base 12, what is -59501 - -59?
-59464
In base 13, what is 23ca208c + 4?
23ca2093
In base 2, what is -1011101111110100101 + -11000111?
-1011110000001101100
In base 6, what is -105515034520 - -2?
-105515034514
In base 11, what is -22 + 124457a4?
12445782
In base 4, what is -2032103103 - 21000?
-2032130103
In base 14, what is b6 - -29cab?
29d83
In base 2, what is 100 - -10000011100101001000101110?
10000011100101001000110010
In base 5, what is 34 - 1423312231?
-1423312142
In base 2, what is 0 - 1001111101010111110011000?
-1001111101010111110011000
In base 6, what is 22325112 + 114?
22325230
In base 5, what is -3202132 + -110?
-3202242
In base 6, what is 3 - 2433025?
-2433022
In base 10, what is 211511 - -12?
211523
In base 3, what is 2001102011 - 2?
2001102002
In base 7, what is -2366034 + 5031?
-2361003
In base 9, what is -181 - -46466?
46275
In base 3, what is -20022022101 - 122111?
-20022221212
In base 12, what is -128983b - 1?
-1289840
In base 13, what is -11 - -40715?
40704
In base 8, what is 172 - -1645706?
1646100
In base 9, what is 60147657 - 3?
60147654
In base 3, what is -100112112 - -10211211?
-12200201
In base 2, what is 11 + 1101001001000100010100000?
1101001001000100010100011
In base 16, what is -2fd136 - 4f?
-2fd185
In base 12, what is -445123b + -3?
-4451242
In base 12, what is 142 - -307962?
307aa4
In base 9, what is -52277 - 3117?
-55405
In base 7, what is 51666445 + -5?
51666440
In base 2, what is -11011 + -110010110111110111100?
-110010110111111010111
In base 2, what is -100 - -1000100000011111001000010100?
1000100000011111001000010000
In base 7, what is 10042201 - -33?
10042234
In base 2, what is 11010000101101111100110 + -11?
11010000101101111100011
In base 5, what is -10 + 312441231?
312441221
In base 13, what is -12 - 9b9ba0?
-9b9bb2
In base 11, what is 6712 + -a7?
6616
In base 4, what is -30022 - -10123102322?
10123012300
In base 13, what is 31cca3 - 36?
31cc6a
In base 11, what is 14 + -214354?
-214340
In base 3, what is 10000120001021 - 20121?
10000112210200
In base 10, what is -7111464 - -3?
-7111461
In base 2, what is -110 + 1110101100000110111?
1110101100000110001
In base 14, what is -94d5 - -18a?
-9349
In base 6, 